of 182695?
5
What is the ten thousands digit of 88680?
8
What is the units digit of 276328?
8
What is the hundreds digit of 3506476?
4
What is the thousands digit of 14785?
4
What is the hundred thousands digit of 3925217?
9
What is the tens digit of 7535355?
5
What is the hundreds digit of 5459067?
0
What is the units digit of 487226?
6
What is the ten millions digit of 31462602?
3
What is the ten thousands digit of 15862384?
6
What is the tens digit of 150975?
7
What is the hundreds digit of 449864?
8
What is the thousands digit of 100879?
0
What is the thousands digit of 810809?
0
What is the thousands digit of 353822?
3
What is the tens digit of 227773?
7
What is the tens digit of 282537?
3
What is the units digit of 79516?
6
What is the units digit of 4612?
2
What is the units digit of 1974210?
0
What is the thousands digit of 210007?
0
What is the units digit of 411423?
3
What is the tens digit of 547915?
1
What is the tens digit of 1292560?
6
What is the ten thousands digit of 1661472?
6
What is the units digit of 2770550?
0
What is the hundred thousands digit of 1091820?
0
What is the units digit of 9111297?
7
What is the hundreds digit of 22086063?
0
What is the hundred thousands digit of 141948?
1
What is the hundreds digit of 155363?
3
What is the tens digit of 980477?
7
What is the units digit of 168656?
6
What is the hundred thousands digit of 5065620?
0
What is the tens digit of 878808?
0
What is the hundreds digit of 4066617?
6
What is the ten thousands digit of 859650?
5
What is the hundred thousands digit of 237648?
2
What is the units digit of 961595?
5
What is the thousands digit of 459041?
9
What is the hundred thousands digit of 339453?
3
What is the thousands digit of 3152018?
2
What is the millions digit of 14446866?
4
What is the tens digit of 11557224?
2
What is the hundred thousands digit of 13045096?
0
What is the thousands digit of 36761923?
1
What is the thousands digit of 3097968?
7
What is the thousands digit of 538240?
8
What is the thousands digit of 573076?
3
What is the hundred thousands digit of 982778?
9
What is the units digit of 2003836?
6
What is the thousands digit of 96515?
6
What is the tens digit of 608554?
5
What is the millions digit of 21566375?
1
What is the hundreds digit of 97630?
6
What is the thousands digit of 11497207?
7
What is the tens digit of 13992094?
9
What is the thousands digit of 519561?
9
What is the units digit of 517546?
6
What is the thousands digit of 1449587?
9
What is the millions digit of 2832999?
2
What is the tens digit of 1227217?
1
What is the hundred thousands digit of 235533?
2
What is the tens digit of 5087512?
1
What is the millions digit of 2881657?
2
What is the units digit of 1365962?
2
What is the units digit of 415134?
4
What is the tens digit of 206344?
4
What is the ten thousands digit of 171746?
7
What is the units digit of 4760063?
3
What is the tens digit of 890536?
3
What is the ten millions digit of 18657341?
1
What is the tens digit of 543492?
9
What is the ten thousands digit of 9047739?
4
What is the hundreds digit of 109830?
8
What is the units digit of 1269179?
9
What is the hundreds digit of 145724?
7
What is the units digit of 574500?
0
What is the thousands digit of 12458756?
8
What is the hundreds digit of 13041895?
8
What is the millions digit of 28916105?
8
What is the hundreds digit of 911960?
9
What is the ten thousands digit of 3200641?
0
What is the thousands digit of 1103590?
3
What is the thousands digit of 484022?
4
What is the hundreds digit of 3453026?
0
What is the ten thousands digit of 4730634?
3
What is the millions digit of 1481101?
1
What is the units digit of 1528678?
8
What is the millions digit of 3974036?
3
What is the hundred thousands digit of 1988670?
9
What is the ten thousands digit of 258833?
5
What is the ten thousands digit of 259996?
5
What is the hundred thousands digit of 10677963?
6
What is the units digit of 590524?
4
What is the hundreds digit of 4264884?
8
What is the ten thousands digit of 454517?
5
What is the ten thousands digit of 224486?
2
What is the ten thousands digit of 432287?
3
What is the tens digit of 3655127?
2
What is the hundreds digit of 2044960?
9
What is the thousands digit of 302601?
2
What is the millions digit of 6489542?
6
What is the hundred thousands digit of 3494743?
4
What is the hundred thousands digit of 4206616?
2
What is the units digit of 369316?
6
What is the units digit of 168032?
2
What is the units digit of 9927539?
9
What is the hundred thousands digit of 2467234?
4
What is the ten thousands digit of 28405814?
0
What is the units digit of 1740445?
5
What is the units digit of 4141182?
2
What is the hundreds digit of 284936?
9
What is the hundreds digit of 179348?
3
What is the hundreds digit of 11037273?
2
What is the units digit of 141075?
5
What is the ten thousands digit of 2455642?
5
What is the units digit of 861869?
9
What is the tens digit of 33367242?
4
What is the ten thousands digit of 334377?
3
What is the hundreds digit of 35521696?
6
What is the units digit of 566469?
9
What is the hundreds digit of 13663891?
8
What is the tens digit of 387012?
1
What is the hundred thousands digit of 175265?
1
What is the ten thousands digit of 334694?
3
What is the hundred thousands digit of 13677793?
6
What is the hundreds digit of 3321754?
7
What is the ten millions digit of 23298386?
2
What is the ten thousands digit of 452378?
5
What is the millions digit of 1062507?
1
What is the millions digit of 14220319?
4
What is the tens digit of 10184993?
9
What is the tens digit of 1681513?
1
What is the millions digit of 10132774?
0
What is the ten thousands digit of 8395359?
9
What is the hundreds digit of 4986685?
6
What is the ten thousands digit of 6458637?
5
What is the tens digit of 26932739?
3
What is the units digit of 15548477?
7
What is the hundreds digit of 1661913?
9
What is the units digit of 180019?
9
What is the tens digit of 8193948?
4
What is the units digit of 245020?
0
What is the thousands digit of 13106973?
6
What is the units digit of 1358425?
5
What is the thousands digit of 147944?
7
What is the millions digit of 1046742?
1
What is the units digit of 1568557?
7
What is the millions digit of 27615406?
7
What is the units digit of 267675?
5
What is the ten thousands digit of 463689?
6
What is the units digit of 1126274?
4
What is the millions digit of 6250312?
6
What is the hundreds digit of 1082444?
4
What is the millions digit of 1237634?
1
What is the thousands digit of 391147?
1
What is the millions digit of 2991038?
2
What is the ten thousands digit of 537434?
3
What is the ten thousands digit of 506710?
0
What is the thousands digit of 4776529?
6
What is the thousands digit of 2556?
2
What is the tens digit of 731629?
2
What is the units digit of 126068?
8
What is the ten thousands digit of 594093?
9
What is the millions digit of 1190934?
1
What is the thousands digit of 7064680?
4
What is the tens digit of 156069?
6
What is the hundred thousands digit of 144883?
1
What is the hundreds digit of 60560?
5
What is the hundreds digit of 389736?
7
What is the units digit of 3443373?
3
What is the hundred thousands digit of 1557653?
5
What is the units digit of 2138784?
4
What is the tens digit of 201727?
2
What is the tens digit of 592363?
6
What is the hundred thousands digit of 258280?
2
What is the units digit of 443430?
0
What is the units digit of 829141?
1
What is the millions digit of 8929901?
8
What is the ten thousands digit of 1010909?
1
What is the hundred thousands digit of 530116?
5
What is the ten thousands digit of 123856?
2
What is the tens digit of 1866966?
6
What is the thousands digit of 13764589?
4
What is the hundred thousands digit of 1084640?
0
What is the units digit of 2903801?
1
What is the hundred thousands digit of 2920223?
9
What is the tens digit of 527441?
4
What is the units digit of 2557180?
0
What is the tens digit of 25541?
4
What is the tens digit of 6930945?
4
What is the ten thousands digit of 1486123?
8
What is the millions digit of 8766739?
8
What is the millions digit of 2150460?
2
What is the units digit of 809244?
4
What is the thousands digit of 1210119?
0
What is the hundred thousands digit of 154357?
1
What